[INFO] cloning repository https://github.com/cdebotton/ApiTools
[INFO] running `Command { std: "git" "-c" "credential.helper=" "-c" "credential.helper=/workspace/cargo-home/bin/git-credential-null" "clone" "--bare" "https://github.com/cdebotton/ApiTools" "/workspace/cache/git-repos/https%3A%2F%2Fgithub.com%2Fcdebotton%2FApiTools", kill_on_drop: false }`
[INFO] [stderr] Cloning into bare repository '/workspace/cache/git-repos/https%3A%2F%2Fgithub.com%2Fcdebotton%2FApiTools'...
[INFO] running `Command { std: "git" "rev-parse" "HEAD", kill_on_drop: false }`
[INFO] [stdout] b8ddee23d2c79b4760629c6cd4d336a3e27fe4f3
[INFO] checking cdebotton/ApiTools against try#72f88fc4e9458f89516a0b8b0868f3718aec5b47 for pr-74989
[INFO] running `Command { std: "git" "clone" "/workspace/cache/git-repos/https%3A%2F%2Fgithub.com%2Fcdebotton%2FApiTools" "/workspace/builds/worker-9/source", kill_on_drop: false }`
[INFO] [stderr] Cloning into '/workspace/builds/worker-9/source'...
[INFO] [stderr] done.
[INFO] validating manifest of git repo https://github.com/cdebotton/ApiTools on toolchain 72f88fc4e9458f89516a0b8b0868f3718aec5b47
[INFO] running `Command { std: "/workspace/cargo-home/bin/cargo" "+72f88fc4e9458f89516a0b8b0868f3718aec5b47" "read-manifest" "--manifest-path" "Cargo.toml", kill_on_drop: false }`
[INFO] started tweaking git repo https://github.com/cdebotton/ApiTools
[INFO] finished tweaking git repo https://github.com/cdebotton/ApiTools
[INFO] tweaked toml for git repo https://github.com/cdebotton/ApiTools written to /workspace/builds/worker-9/source/Cargo.toml
[INFO] crate git repo https://github.com/cdebotton/ApiTools already has a lockfile, it will not be regenerated
[INFO] running `Command { std: "/workspace/cargo-home/bin/cargo" "+72f88fc4e9458f89516a0b8b0868f3718aec5b47" "fetch" "--locked" "--manifest-path" "Cargo.toml", kill_on_drop: false }`
[INFO] [stderr]  Downloading crates ...
[INFO] [stderr]   Downloaded hyper v0.12.19
[INFO] [stderr]   Downloaded MacTypes-sys v1.3.0
[INFO] [stderr]   Downloaded security-framework-sys v0.2.2
[INFO] [stderr]   Downloaded serde v1.0.83
[INFO] [stderr]   Downloaded redox_syscall v0.1.49
[INFO] [stderr]   Downloaded tokio-async-await v0.1.4
[INFO] running `Command { std: "docker" "create" "-v" "/var/lib/crater-agent-workspace/builds/worker-9/target:/opt/rustwide/target:rw,Z" "-v" "/var/lib/crater-agent-workspace/builds/worker-9/source:/opt/rustwide/workdir:ro,Z" "-v" "/var/lib/crater-agent-workspace/cargo-home:/opt/rustwide/cargo-home:ro,Z" "-v" "/var/lib/crater-agent-workspace/rustup-home:/opt/rustwide/rustup-home:ro,Z" "-e" "SOURCE_DIR=/opt/rustwide/workdir" "-e" "CARGO_TARGET_DIR=/opt/rustwide/target" "-e" "CARGO_HOME=/opt/rustwide/cargo-home" "-e" "RUSTUP_HOME=/opt/rustwide/rustup-home" "-w" "/opt/rustwide/workdir" "-m" "1610612736" "--user" "0:0" "--network" "none" "rustops/crates-build-env@sha256:d92eaeed33fa75130ca1ee6c8a01d1ffb62bac859dfdfb3450e3e5d1c0146529" "/opt/rustwide/cargo-home/bin/cargo" "+72f88fc4e9458f89516a0b8b0868f3718aec5b47" "metadata" "--no-deps" "--format-version=1", kill_on_drop: false }`
[INFO] [stdout] a3bb74830490ad7a8f3023f67ab496093fabd06977be0da15471da9186800339
[INFO] [stderr] WARNING: Your kernel does not support swap limit capabilities or the cgroup is not mounted. Memory limited without swap.
[INFO] running `Command { std: "docker" "start" "-a" "a3bb74830490ad7a8f3023f67ab496093fabd06977be0da15471da9186800339", kill_on_drop: false }`
[INFO] running `Command { std: "docker" "inspect" "a3bb74830490ad7a8f3023f67ab496093fabd06977be0da15471da9186800339", kill_on_drop: false }`
[INFO] running `Command { std: "docker" "rm" "-f" "a3bb74830490ad7a8f3023f67ab496093fabd06977be0da15471da9186800339", kill_on_drop: false }`
[INFO] [stdout] a3bb74830490ad7a8f3023f67ab496093fabd06977be0da15471da9186800339
[INFO] running `Command { std: "docker" "create" "-v" "/var/lib/crater-agent-workspace/builds/worker-9/target:/opt/rustwide/target:rw,Z" "-v" "/var/lib/crater-agent-workspace/builds/worker-9/source:/opt/rustwide/workdir:ro,Z" "-v" "/var/lib/crater-agent-workspace/cargo-home:/opt/rustwide/cargo-home:ro,Z" "-v" "/var/lib/crater-agent-workspace/rustup-home:/opt/rustwide/rustup-home:ro,Z" "-e" "SOURCE_DIR=/opt/rustwide/workdir" "-e" "CARGO_TARGET_DIR=/opt/rustwide/target" "-e" "CARGO_INCREMENTAL=0" "-e" "RUST_BACKTRACE=full" "-e" "RUSTFLAGS=--cap-lints=forbid" "-e" "CARGO_HOME=/opt/rustwide/cargo-home" "-e" "RUSTUP_HOME=/opt/rustwide/rustup-home" "-w" "/opt/rustwide/workdir" "-m" "1610612736" "--user" "0:0" "--network" "none" "rustops/crates-build-env@sha256:d92eaeed33fa75130ca1ee6c8a01d1ffb62bac859dfdfb3450e3e5d1c0146529" "/opt/rustwide/cargo-home/bin/cargo" "+72f88fc4e9458f89516a0b8b0868f3718aec5b47" "check" "--frozen" "--all" "--all-targets" "--message-format=json", kill_on_drop: false }`
[INFO] [stderr] WARNING: Your kernel does not support swap limit capabilities or the cgroup is not mounted. Memory limited without swap.
[INFO] [stdout] 830852a6455eb69432894215d3b691bb582f374536cfe3147be73a7c6a4a4f16
[INFO] running `Command { std: "docker" "start" "-a" "830852a6455eb69432894215d3b691bb582f374536cfe3147be73a7c6a4a4f16", kill_on_drop: false }`
[INFO] [stderr]    Compiling libc v0.2.45
[INFO] [stderr]    Compiling semver-parser v0.7.0
[INFO] [stderr]     Checking rand_core v0.3.0
[INFO] [stderr]     Checking futures v0.1.25
[INFO] [stderr]     Checking byteorder v1.2.7
[INFO] [stderr]     Checking slab v0.4.1
[INFO] [stderr]     Checking lazycell v1.2.1
[INFO] [stderr]    Compiling proc-macro-hack-impl v0.4.1
[INFO] [stderr]     Checking foreign-types-shared v0.1.1
[INFO] [stderr]     Checking fnv v1.0.6
[INFO] [stderr]    Compiling openssl v0.10.16
[INFO] [stderr]    Compiling httparse v1.3.3
[INFO] [stderr]     Checking bitflags v1.0.4
[INFO] [stderr]     Checking indexmap v1.0.2
[INFO] [stderr]    Compiling serde v1.0.83
[INFO] [stderr]    Compiling ryu v0.2.7
[INFO] [stderr]    Compiling native-tls v0.2.2
[INFO] [stderr]     Checking openssl-probe v0.1.2
[INFO] [stderr]     Checking unicode-width v0.1.5
[INFO] [stderr]     Checking vec_map v0.8.1
[INFO] [stderr]     Checking strsim v0.7.0
[INFO] [stderr]     Checking ansi_term v0.11.0
[INFO] [stderr]     Checking owning_ref v0.4.0
[INFO] [stderr]     Checking log v0.4.6
[INFO] [stderr]     Checking crossbeam-utils v0.6.3
[INFO] [stderr]    Compiling openssl-sys v0.9.40
[INFO] [stderr]     Checking unreachable v1.0.0
[INFO] [stderr]    Compiling synom v0.11.3
[INFO] [stderr]     Checking foreign-types v0.3.2
[INFO] [stderr]    Compiling semver v0.9.0
[INFO] [stderr]     Checking textwrap v0.10.0
[INFO] [stderr]     Checking rand_core v0.2.2
[INFO] [stderr]     Checking rand_xorshift v0.1.0
[INFO] [stderr]     Checking rand_isaac v0.1.1
[INFO] [stderr]     Checking rand_hc v0.1.0
[INFO] [stderr]     Checking base64 v0.10.0
[INFO] [stderr]     Checking lock_api v0.1.5
[INFO] [stderr]     Checking smallvec v0.6.7
[INFO] [stderr]    Compiling kernel32-sys v0.2.2
[INFO] [stderr]    Compiling syn v0.11.11
[INFO] [stderr]     Checking crossbeam-epoch v0.7.0
[INFO] [stderr]    Compiling proc-macro-hack v0.4.1
[INFO] [stderr]    Compiling rustc_version v0.2.3
[INFO] [stderr]     Checking crossbeam-deque v0.6.3
[INFO] [stderr]    Compiling parking_lot_core v0.3.1
[INFO] [stderr]    Compiling rand_pcg v0.1.1
[INFO] [stderr]    Compiling rand_chacha v0.1.0
[INFO] [stderr]    Compiling rand v0.6.1
[INFO] [stderr]    Compiling thread-id v2.0.0
[INFO] [stderr]    Compiling memchr v0.1.11
[INFO] [stderr]     Checking iovec v0.1.2
[INFO] [stderr]     Checking num_cpus v1.9.0
[INFO] [stderr]     Checking net2 v0.2.33
[INFO] [stderr]     Checking rand v0.5.5
[INFO] [stderr]     Checking time v0.1.41
[INFO] [stderr]     Checking atty v0.2.11
[INFO] [stderr]    Compiling thread_local v0.2.7
[INFO] [stderr]    Compiling aho-corasick v0.5.3
[INFO] [stderr]     Checking bytes v0.4.11
[INFO] [stderr]     Checking clap v2.32.0
[INFO] [stderr]     Checking tokio-executor v0.1.5
[INFO] [stderr]     Checking futures-cpupool v0.1.8
[INFO] [stderr]     Checking want v0.0.6
[INFO] [stderr]     Checking mio v0.6.16
[INFO] [stderr]     Checking tokio-timer v0.2.8
[INFO] [stderr]     Checking tokio-current-thread v0.1.4
[INFO] [stderr]    Compiling regex v0.1.80
[INFO] [stderr]     Checking tokio-io v0.1.10
[INFO] [stderr]     Checking http v0.1.14
[INFO] [stderr]     Checking mio-uds v0.6.7
[INFO] [stderr]     Checking tokio-codec v0.1.1
[INFO] [stderr]     Checking tokio-async-await v0.1.4
[INFO] [stdout] error[E0557]: feature has been removed
[INFO] [stdout]  --> /opt/rustwide/cargo-home/registry/src/github.com-1ecc6299db9ec823/tokio-async-await-0.1.4/src/lib.rs:6:5
[INFO] [stdout]   |
[INFO] [stdout] 6 |     await_macro,
[INFO] [stdout]   |     ^^^^^^^^^^^ feature has been removed
[INFO] [stdout]   |
[INFO] [stdout]   = note: subsumed by `.await` syntax
[INFO] [stdout] 
[INFO] [stdout] 
[INFO] [stdout] error[E0432]: unresolved import `std::task::LocalWaker`
[INFO] [stdout]  --> /opt/rustwide/cargo-home/registry/src/github.com-1ecc6299db9ec823/tokio-async-await-0.1.4/src/compat/forward.rs:7:17
[INFO] [stdout]   |
[INFO] [stdout] 7 | use std::task::{LocalWaker, Poll as StdPoll};
[INFO] [stdout]   |                 ^^^^^^^^^^ no `LocalWaker` in `task`
[INFO] [stdout] 
[INFO] [stdout] 
[INFO] [stdout] error[E0432]: unresolved imports `std::task::LocalWaker`, `std::task::UnsafeWake`
[INFO] [stdout]   --> /opt/rustwide/cargo-home/registry/src/github.com-1ecc6299db9ec823/tokio-async-await-0.1.4/src/compat/backward.rs:9:5
[INFO] [stdout]    |
[INFO] [stdout] 9  |     LocalWaker,
[INFO] [stdout]    |     ^^^^^^^^^^ no `LocalWaker` in `task`
[INFO] [stdout] 10 |     Poll as StdPoll,
[INFO] [stdout] 11 |     UnsafeWake,
[INFO] [stdout]    |     ^^^^^^^^^^ no `UnsafeWake` in `task`
[INFO] [stdout] 
[INFO] [stdout] 
[INFO] [stdout] error[E0432]: unresolved import `std::task::LocalWaker`
[INFO] [stdout]  --> /opt/rustwide/cargo-home/registry/src/github.com-1ecc6299db9ec823/tokio-async-await-0.1.4/src/io/flush.rs:8:17
[INFO] [stdout]   |
[INFO] [stdout] 8 | use std::task::{LocalWaker, Poll};
[INFO] [stdout]   |                 ^^^^^^^^^^ no `LocalWaker` in `task`
[INFO] [stdout] 
[INFO] [stdout] 
[INFO] [stdout] error[E0432]: unresolved import `std::task::LocalWaker`
[INFO] [stdout]  --> /opt/rustwide/cargo-home/registry/src/github.com-1ecc6299db9ec823/tokio-async-await-0.1.4/src/stream/next.rs:6:17
[INFO] [stdout]   |
[INFO] [stdout] 6 | use std::task::{LocalWaker, Poll};
[INFO] [stdout]   |                 ^^^^^^^^^^ no `LocalWaker` in `task`
[INFO] [stdout] 
[INFO] [stdout] 
[INFO] [stdout] error[E0432]: unresolved import `std::await`
[INFO] [stdout]   --> /opt/rustwide/cargo-home/registry/src/github.com-1ecc6299db9ec823/tokio-async-await-0.1.4/src/lib.rs:77:9
[INFO] [stdout]    |
[INFO] [stdout] 77 | pub use std::await as std_await;
[INFO] [stdout]    |         ^^^^^^^^^^^^^^^^^^^^^^^ no `await` in the root
[INFO] [stdout] 
[INFO] [stdout] 
[INFO] [stdout] error[E0412]: cannot find type `LocalWaker` in module `task`
[INFO] [stdout]   --> /opt/rustwide/cargo-home/registry/src/github.com-1ecc6299db9ec823/tokio-async-await-0.1.4/src/io/read.rs:32:51
[INFO] [stdout]    |
[INFO] [stdout] 32 |     fn poll(mut self: Pin<&mut Self>, _lw: &task::LocalWaker) -> Poll<Self::Output> {
[INFO] [stdout]    |                                                   ^^^^^^^^^^ not found in `task`
[INFO] [stdout] 
[INFO] [stdout] 
[INFO] [stdout] error[E0412]: cannot find type `LocalWaker` in module `task`
[INFO] [stdout]   --> /opt/rustwide/cargo-home/registry/src/github.com-1ecc6299db9ec823/tokio-async-await-0.1.4/src/io/read_exact.rs:37:51
[INFO] [stdout]    |
[INFO] [stdout] 37 |     fn poll(mut self: Pin<&mut Self>, _lw: &task::LocalWaker) -> Poll<Self::Output> {
[INFO] [stdout]    |                                                   ^^^^^^^^^^ not found in `task`
[INFO] [stdout] 
[INFO] [stdout] 
[INFO] [stdout] error[E0412]: cannot find type `LocalWaker` in module `task`
[INFO] [stdout]   --> /opt/rustwide/cargo-home/registry/src/github.com-1ecc6299db9ec823/tokio-async-await-0.1.4/src/io/write.rs:32:51
[INFO] [stdout]    |
[INFO] [stdout] 32 |     fn poll(mut self: Pin<&mut Self>, _lw: &task::LocalWaker) -> Poll<io::Result<usize>> {
[INFO] [stdout]    |                                                   ^^^^^^^^^^ not found in `task`
[INFO] [stdout] 
[INFO] [stdout] 
[INFO] [stdout] error[E0412]: cannot find type `LocalWaker` in module `task`
[INFO] [stdout]   --> /opt/rustwide/cargo-home/registry/src/github.com-1ecc6299db9ec823/tokio-async-await-0.1.4/src/io/write_all.rs:37:51
[INFO] [stdout]    |
[INFO] [stdout] 37 |     fn poll(mut self: Pin<&mut Self>, _lw: &task::LocalWaker) -> Poll<io::Result<()>> {
[INFO] [stdout]    |                                                   ^^^^^^^^^^ not found in `task`
[INFO] [stdout] 
[INFO] [stdout] 
[INFO] [stdout] error[E0412]: cannot find type `LocalWaker` in module `task`
[INFO] [stdout]   --> /opt/rustwide/cargo-home/registry/src/github.com-1ecc6299db9ec823/tokio-async-await-0.1.4/src/sink/send.rs:31:51
[INFO] [stdout]    |
[INFO] [stdout] 31 |     fn poll(mut self: Pin<&mut Self>, _lw: &task::LocalWaker) -> Poll<Self::Output> {
[INFO] [stdout]    |                                                   ^^^^^^^^^^ not found in `task`
[INFO] [stdout] 
[INFO] [stdout] 
[INFO] [stdout] error: aborting due to 11 previous errors
[INFO] [stdout] 
[INFO] [stdout] 
[INFO] [stdout] Some errors have detailed explanations: E0412, E0432, E0557.
[INFO] [stdout] 
[INFO] [stdout] For more information about an error, try `rustc --explain E0412`.
[INFO] [stdout] 
[INFO] [stderr] error: could not compile `tokio-async-await`.
[INFO] [stderr] 
[INFO] [stderr] To learn more, run the command again with --verbose.
[INFO] [stderr] warning: build failed, waiting for other jobs to finish...
[INFO] [stderr] error: build failed
[INFO] running `Command { std: "docker" "inspect" "830852a6455eb69432894215d3b691bb582f374536cfe3147be73a7c6a4a4f16", kill_on_drop: false }`
[INFO] running `Command { std: "docker" "rm" "-f" "830852a6455eb69432894215d3b691bb582f374536cfe3147be73a7c6a4a4f16", kill_on_drop: false }`
[INFO] [stdout] 830852a6455eb69432894215d3b691bb582f374536cfe3147be73a7c6a4a4f16
